4 - 94. What is the highest common factor of p and 45?
15
Suppose 5*j = -10, 6*t - 13 = 5*t - 2*j. Calculate the highest common factor of 85 and t.
17
Suppose 0 = -5*k - 0*k + 560. Calculate the highest common divisor of 14 and k.
14
Let y = -12 - -18. Calculate the greatest common divisor of 66 and y.
6
Let s be -44*(-2)/((-8)/(-2)). Suppose -4*i = -3*y + 38, -2*y - i = -y - s. Calculate the greatest common divisor of y and 27.
9
Let x(j) = 12*j - 3*j - 3 + j - j**2. Let o be x(6). Suppose o = 2*m - 11. Calculate the highest common divisor of m and 8.
8
Suppose w + 1 = 3. Let x(k) = 19 + 21*k**w - 2*k - 19. Let a be x(-2). What is the highest common factor of 11 and a?
11
Let n be 1 + ((-7)/(28/(-104)) - 3). What is the highest common divisor of n and 60?
12
Let x = -14 - -44. What is the highest common factor of x and 15?
15
Let a = -3 - -5. Suppose 0 = 3*s - a*s - 51. What is the highest common divisor of s and 17?
17
Let n be 1 + 2 + 0 + 1. Let d be 12/n - (2 - 1). Let s be (-7)/(-5) - d/5. Calculate the highest common factor of s and 9.
1
Suppose h - 31 + 6 = 0. What is the highest common divisor of 25 and h?
25
Let h be (-2394)/(-99) + (-2)/11. Calculate the highest common divisor of h and 6.
6
Suppose -n + 3*b = -24, 12 = -b + 4*b. Calculate the highest common divisor of n and 4.
4
Let p be 29 - (-1)/(2/(-6)). Suppose -5*j - 3*o = -23, -p = -2*j - 0*o + 3*o. What is the highest common factor of j and 77?
7
Let i be (47 - -2) + 0 - 2. Let x = i + -5. What is the highest common factor of 28 and x?
14
Let f(z) = 3*z**2 + 5*z + 5. Suppose 4 = 2*h + 12. Let b be f(h). Let y(x) = 6*x + 4. Let o be y(3). What is the highest common divisor of b and o?
11
Suppose 0 = d - 2 - 1. Suppose -4*n = -2*t + 5*t - 32, d*n - 41 = 2*t. Let a(g) = 87*g + 1. Let l be a(1). What is the greatest common divisor of l and n?
11
Suppose -2*b + 2*h = 10, 0*b + 3*b + 5 = -2*h. Let n = -3 - b. Suppose -2*d - d + 18 = n. Calculate the greatest common factor of d and 3.
3
Let k be (-1)/((-138)/135 + 1). Let o = 72 - k. Calculate the highest common factor of o and 18.
9
Let r be 141/12 + 7/28. What is the highest common factor of 30 and r?
6
Let k = -123 + 250. Suppose -43 = 4*u - k. What is the greatest common factor of 14 and u?
7
Let j(t) = -9*t - 1. Let i be j(-2). What is the greatest common factor of i and 85?
17
Let l = 226 - 148. What is the greatest common factor of l and 117?
39
Let j(y) = y**2 + 15. Let w be j(10). What is the greatest common factor of 46 and w?
23
Suppose -4*z + 6*z + 12 = 0. Let d(k) = -5*k - 6. Let t be d(z). Let o(u) = -u**2 - 5*u + 4. Let h be o(-4). Calculate the greatest common divisor of h and t.
8
Let k(p) = p**3 + 3*p**2 - 2*p + 3. Let y be k(2). What is the greatest common divisor of 19 and y?
19
Suppose 5*i = -4*l + 55, 4*l - 4*i = 2*l + 8. Suppose y = -3*y + 8. Calculate the highest common divisor of y and l.
2
Suppose -3*v = -4*q - 12, -2*v + 4*q - 36 = -5*v. What is the highest common divisor of v and 1?
1
Suppose -s = -2*o + 7, o - 6*o = 3*s - 45. What is the greatest common factor of o and 6?
6
Suppose 2*x + 42 = 3*x. Suppose -3*b + 17 + 7 = 0. Let k = b - 2. Calculate the greatest common divisor of x and k.
6
Let o be (4/(-6))/(6/(-9)). Let i(a) = a**2 - 6*a + 9. Let z be i(6). Let h be 87/z - (-2)/(-3). What is the highest common divisor of o and h?
1
Let f be 3/5 + (-304)/40. Let k(j) = -6*j - 10. Let c be k(f). What is the highest common factor of 80 and c?
16
Suppose 4*z = 2*a + 262, 4*z - 2*a + 4*a - 266 = 0. Calculate the highest common divisor of 6 and z.
6
Let d = 12 + -10. Suppose 19 = 2*p + y - d*y, 0 = -3*p + 3*y + 27. Calculate the greatest common divisor of 4 and p.
2
Suppose -4*a + 31 = -53. Calculate the highest common divisor of 7 and a.
7
Let n(l) = -2*l**2 - 3*l**2 - l**3 - 2*l - 5 + 3 + 4*l**2. Let m be n(-4). Let w = -24 - -42. What is the highest common factor of m and w?
18
Let g be (1/3)/(8/168). Suppose g*d - 2*d = 10. Suppose -4*i + d*v + 190 = 3*v, 0 = 5*v + 10. Calculate the greatest common factor of i and 12.
12
Suppose -3*v = -152 + 20. Suppose q + 22 = 33. What is the greatest common divisor of v and q?
11
Suppose -3*v + 6 = -2*v. Let g be 1/(-2) - (-201)/v. Let p(y) = -2*y**3 + 2*y**2 + 2*y + 2. Let z be p(-2). What is the highest common factor of z and g?
11
Let k = 20 + -11. Let n(i) = -3*i + 1. Let c be n(1). Let o = 5 + c. What is the greatest common divisor of k and o?
3
Suppose v - d - 109 = 0, -2*d + 5*d = -2*v + 213. What is the greatest common factor of 12 and v?
12
Let r(h) = 2*h + 3. Let p be r(3). What is the highest common divisor of 6 and p?
3
Suppose 6 = 2*k - 10. Let o(y) = -y**3 + 7*y**2 + 9*y + 2. Let q be o(k). Let n be q/(-4)*(-6)/3. What is the highest common factor of n and 40?
5
Suppose 4*l - 559 + 31 = 0. Let i(b) = -b**3 + 3*b**2 + 3*b + 3. Let j be i(3). Calculate the greatest common divisor of j and l.
12
Let b = -8 - 1. Let y be 249/b + (-4)/(-6). Let m be (y/(-12))/((-2)/(-8)). Calculate the greatest common divisor of m and 6.
3
Let c be 192/(-18)*9/(-2). Suppose 0 = -9*i + 4*i + 80. Calculate the greatest common divisor of c and i.
16
Let g be 506/33 + 2/(-6). Let o = g - 10. What is the greatest common factor of o and 5?
5
Suppose 0 = 20*z - 16*z - 80. Calculate the highest common factor of 30 and z.
10
Suppose -6*i - 4 = -2*v - 3*i, -v + 3*i = 1. Suppose -31 = -v*w - 6. What is the highest common divisor of w and 40?
5
Suppose 0 = w - 4*o + 4, 0 = 4*w + 2*o + 2*o - 84. Calculate the greatest common divisor of 80 and w.
16
Suppose -3*q + b + 6 = 0, 3 = -4*q + 5*b + 11. Let o be (0 + -1)/(q/(-20)). Let m be o*(2 - 1)*12. Calculate the greatest common factor of m and 15.
15
Suppose f - 30 = -5*f. Suppose -4*i + 5*k + 96 = 0, -f*i = -2*k - 35 - 68. What is the greatest common factor of 133 and i?
19
Suppose -2*m - 3*i = -0*m, -3*m + 1 = 4*i. Suppose -m + 1 = -n. What is the greatest common divisor of 5 and n?
1
Suppose -2*d = 6*g - 8*g + 104, 5*d = -10. Calculate the greatest common factor of 30 and g.
10
Let u(c) = -c**3 - c**2 + 5*c + 3. Let v be u(-3). Calculate the highest common factor of v and 9.
3
Let c be -4 + 12 + (-3 - -7). What is the highest common factor of c and 36?
12
Suppose -5*s - 20 = -0*s. Suppose 0 = y - 6 + 1. Let z = s + y. Calculate the greatest common factor of z and 7.
1
Let f be (-2)/5 - (-112)/5. What is the highest common divisor of 88 and f?
22
Let f be (-281)/(-5) - ((-12)/15)/(-4). Let h(i) = -2*i. Let c be h(-4). Calculate the greatest common factor of c and f.
8
Let n = 13 - 5. Calculate the greatest common divisor of n and 8.
8
Suppose 0 = -4*i - 20, 5*i = -4*v - 0*i - 17. Calculate the greatest common divisor of 2 and v.
2
Suppose -z - h - 39 = -2, 114 = -3*z - 4*h. Let c = z - -49. Let g be ((-3)/(-5))/(3/c). Calculate the highest common factor of g and 1.
1
Suppose 0 = f + 2*f. Suppose 0*l + 3*l - 24 = f. What is the greatest common divisor of 20 and l?
4
Let p(a) = -2*a**3 - 4*a**2 - a - 4. Let f be p(-3). Suppose 2*u - f = 3*c, -4*c = -0*u + u - 25. What is the greatest common divisor of 130 and u?
13
Let k be 1*-1*(4 + 11)/(-5). Let p(y) = 3*y**3 - y - 1. Let f be p(2). Calculate the highest common factor of f and k.
3
Let x = 108 - 66. Let y(a) = a**2 + a + 2. Let q be y(-2). Let c = q + 2. What is the greatest common divisor of x and c?
6
Let z = -22 - -39. Let n = z - -7. Let d = -28 + 40. What is the highest common factor of n and d?
12
Let w = -1 + 0. Let d be -1 + (2*w - 110). Let a = -57 - d. Calculate the greatest common factor of a and 14.
14
Suppose -h = -5*h - 24. Let v be 2/h + (-14)/(-6). What is the greatest common factor of v and 22?
2
Let s = -39 - -99. Let i = 20 + -5. What is the highest common divisor of i and s?
15
Suppose 7*t + 5*f = 3*t + 260, 8 = 2*f. Calculate the highest common divisor of t and 120.
60
Suppose 0*c = -5*c + 480. Let l be c/15*50/4. What is the greatest common divisor of l and 16?
16
Let i be 0 + 6/(-9) - (-1)/(-3). Suppose 7*w - 3*w - 48 = 0. Let d be w + (3 + i - 0). Calculate the highest common divisor of d and 56.
14
Let y(h) = 8*h**2 + 4*h. Let v be y(-5). What is the greatest common factor of 20 and v?
20
Suppose 3 = 2*v - 37. Suppose -6*d = -d - v. What is the greatest common 